f 178522668?
5
What is the thousands digit of 593207209?
7
What is the tens digit of 76979026?
2
What is the thousands digit of 522783889?
3
What is the millions digit of 819858673?
9
What is the units digit of 89254232?
2
What is the tens digit of 6230306615?
1
What is the hundred millions digit of 218236841?
2
What is the millions digit of 219797587?
9
What is the hundred millions digit of 120311077?
1
What is the tens digit of 282159644?
4
What is the hundred thousands digit of 382310893?
3
What is the units digit of 59758667?
7
What is the ten thousands digit of 1599264573?
6
What is the ten millions digit of 6587181743?
8
What is the millions digit of 61340709?
1
What is the ten millions digit of 880482851?
8
What is the millions digit of 410060276?
0
What is the units digit of 1283161152?
2
What is the tens digit of 900783273?
7
What is the millions digit of 1917910334?
7
What is the hundred millions digit of 326156461?
3
What is the units digit of 57865469?
9
What is the ten thousands digit of 92865337?
6
What is the units digit of 6493074942?
2
What is the ten thousands digit of 5106158870?
5
What is the hundreds digit of 371936808?
8
What is the units digit of 244925572?
2
What is the hundred millions digit of 309251507?
3
What is the hundreds digit of 62394627?
6
What is the hundreds digit of 254954122?
1
What is the hundred millions digit of 2205377023?
2
What is the hundreds digit of 2647423991?
9
What is the ten millions digit of 92812696?
9
What is the millions digit of 105230925?
5
What is the thousands digit of 914699235?
9
What is the thousands digit of 28971815?
1
What is the thousands digit of 197031467?
1
What is the hundred thousands digit of 4157721759?
7
What is the thousands digit of 3575700398?
0
What is the ten thousands digit of 7027940409?
4
What is the hundreds digit of 240706048?
0
What is the units digit of 654203304?
4
What is the hundred millions digit of 167557608?
1
What is the ten thousands digit of 97551944?
5
What is the hundred thousands digit of 791857065?
8
What is the tens digit of 2931062925?
2
What is the thousands digit of 98528487?
8
What is the thousands digit of 4521201950?
1
What is the hundred thousands digit of 547151637?
1
What is the units digit of 894508624?
4
What is the units digit of 7699396?
6
What is the thousands digit of 45905287?
5
What is the hundreds digit of 5588944761?
7
What is the ten millions digit of 138251766?
3
What is the thousands digit of 91413749?
3
What is the millions digit of 1607637734?
7
What is the millions digit of 85609114?
5
What is the units digit of 35338709?
9
What is the hundreds digit of 313969020?
0
What is the tens digit of 56105945?
4
What is the units digit of 28668042?
2
What is the thousands digit of 284701675?
1
What is the tens digit of 2262456979?
7
What is the hundred thousands digit of 230414185?
4
What is the millions digit of 68367346?
8
What is the tens digit of 733696630?
3
What is the units digit of 3490359871?
1
What is the hundred thousands digit of 31219169?
2
What is the tens digit of 948806681?
8
What is the hundred millions digit of 342292281?
3
What is the ten thousands digit of 84289991?
8
What is the ten thousands digit of 6380585757?
8
What is the ten millions digit of 310678276?
1
What is the millions digit of 27798236?
7
What is the ten millions digit of 1172254899?
7
What is the units digit of 951943553?
3
What is the ten millions digit of 71202734?
7
What is the thousands digit of 2223633448?
3
What is the tens digit of 45368289?
8
What is the tens digit of 15575067?
6
What is the billions digit of 2340195290?
2
What is the units digit of 175149659?
9
What is the hundred millions digit of 126571219?
1
What is the units digit of 4466405421?
1
What is the ten millions digit of 2571833133?
7
What is the hundred thousands digit of 52621871?
6
What is the hundreds digit of 3846900073?
0
What is the hundreds digit of 23960233?
2
What is the hundreds digit of 221883840?
8
What is the thousands digit of 1178970143?
0
What is the tens digit of 1287440545?
4
What is the tens digit of 385536764?
6
What is the units digit of 893973285?
5
What is the millions digit of 329633680?
9
What is the hundred millions digit of 173990453?
1
What is the millions digit of 669299780?
9
What is the hundred thousands digit of 295790415?
7
What is the thousands digit of 70776358?
6
What is the millions digit of 25428772?
5
What is the units digit of 34094782?
2
What is the units digit of 3845770335?
5
What is the billions digit of 3864863421?
3
What is the hundred thousands digit of 43108005?
1
What is the units digit of 209735031?
1
What is the hundreds digit of 3295992711?
7
What is the billions digit of 2052883003?
2
What is the units digit of 5966776?
6
What is the billions digit of 1900650379?
1
What is the tens digit of 336491315?
1
What is the hundreds digit of 3740626210?
2
What is the ten millions digit of 23681478?
2
What is the hundred thousands digit of 633264733?
2
What is the ten thousands digit of 227733849?
3
What is the ten thousands digit of 133003848?
0
What is the units digit of 177992935?
5
What is the hundred millions digit of 930198151?
9
What is the thousands digit of 134515216?
5
What is the thousands digit of 130321799?
1
What is the millions digit of 2601724443?
1
What is the hundred thousands digit of 1464065401?
0
What is the millions digit of 117868664?
7
What is the tens digit of 4267503784?
8
What is the ten millions digit of 27832981?
2
What is the thousands digit of 409509510?
9
What is the ten millions digit of 207592832?
0
What is the thousands digit of 63621654?
1
What is the ten millions digit of 882740393?
8
What is the hundred thousands digit of 418549286?
5
What is the tens digit of 27936593?
9
What is the hundred millions digit of 560179911?
5
What is the hundred thousands digit of 5049588316?
5
What is the millions digit of 375156453?
5
What is the ten thousands digit of 128414478?
1
What is the tens digit of 97792491?
9
What is the ten millions digit of 142163502?
4
What is the thousands digit of 1680765?
0
What is the billions digit of 3756963271?
3
What is the ten millions digit of 49336752?
4
What is the hundred thousands digit of 2513135941?
1
What is the units digit of 2877532711?
1
What is the billions digit of 4068021892?
4
What is the billions digit of 1160304738?
1
What is the hundred millions digit of 133570776?
1
What is the hundreds digit of 569126534?
5
What is the hundreds digit of 21569861?
8
What is the hundreds digit of 2166071887?
8
What is the ten thousands digit of 1893885647?
8
What is the hundred thousands digit of 130499695?
4
What is the ten thousands digit of 187138793?
3
What is the millions digit of 42351192?
2
What is the hundreds digit of 5147461784?
7
What is the hundred millions digit of 659092123?
6
What is the hundred millions digit of 581516943?
5
What is the thousands digit of 59031266?
1
What is the billions digit of 3269867653?
3
What is the tens digit of 846203392?
9
What is the units digit of 6265775?
5
What is the ten thousands digit of 3791457700?
5
What is the hundreds digit of 23432120?
1
What is the thousands digit of 329488573?
8
What is the tens digit of 35042176?
7
What is the thousands digit of 471097160?
7
What is the hundreds digit of 2265364?
3
What is the units digit of 24938572?
2
What is the millions digit of 91919847?
1
What is the units digit of 80348805?
5
What is the tens digit of 77900889?
8
What is the hundred thousands digit of 5378443218?
4
What is the tens digit of 15335874?
7
What is the millions digit of 23507889?
3
What is the units digit of 255095414?
4
What is the ten thousands digit of 288957556?
5
What is the units digit of 27352272?
2
What is the hundreds digit of 76459607?
6
What is the ten thousands digit of 2913898855?
9
What is the tens digit of 3323754?
5
What is the hundreds digit of 167343934?
9
What is the hundred millions digit of 1582561008?
5
What is the tens digit of 6172048051?
5
What is the units digit of 180916905?
5
What is the tens digit of 1022496348?
4
What is the ten thousands digit of 335086498?
8
What is the thousands digit of 28310086?
0
What is the thousands digit of 95133032?
3
What is the units digit of 3267620